g is divided by 44.
41
Suppose 4*b = -3*j + 1835, 12*b + j = 11*b + 457. What is the remainder when b is divided by 41?
13
Let f(y) = -172*y + 257. Calculate the remainder when f(0) is divided by 13.
10
Suppose -3 = -f + 4*f - 4*a, f - 15 = -4*a. Let b(u) = 10*u**2 - 60*u + 167. Calculate the remainder when 198 is divided by b(f).
44
Let p(u) = -4 + 5 - 7 + 3 - 2*u. Let g be p(-5). Suppose -g*r - 3*l = -2*r - 60, 2*r - l = 35. Calculate the remainder when 57 is divided by r.
12
Let q = -10130 + 10761. What is the remainder when q is divided by 29?
22
Let r(g) = -10*g**3 - 25*g**2 - 27*g + 20. Calculate the remainder when r(-6) is divided by 37.
36
Let r = 467 + -383. Let a = 85 - r. What is the remainder when 2 is divided by a?
0
Suppose 3*b + 23 = 2*x + 5, 3*b + 9 = x. Suppose -3*k - 4*a = -0 - 14, x = k - 3*a. What is the remainder when 12 is divided by k?
0
Suppose 5*t = -o + 1471, -5*o - 1465 = -769*t + 764*t. Calculate the remainder when t is divided by 74.
72
Let c = 342 + 167. What is the remainder when c is divided by 248?
13
Let o = -453 - -466. Suppose 0*p - 103 = -5*p + 2*r, -5*p = 5*r - 110. Suppose -110 = p*z - 26*z. Calculate the remainder when z is divided by o.
9
Suppose 9*d = -17*d - 9*d + 134960. Calculate the remainder when d is divided by 203.
202
Suppose 3*r + 3 = 6*r. What is the remainder when (r/(-3))/(-2 + (-835)/(-420)) is divided by 5?
3
Let h(t) = -859*t + 917. What is the remainder when h(1) is divided by 31?
27
Let g(b) = -b**2 - 18*b - 69. Calculate the remainder when 5037 is divided by g(-12).
0
Let m be 5*(-1 + (-18)/(-10)). What is the remainder when m/(-30) + (-771)/(-45) is divided by 77/22 + 1/2?
1
Suppose -45 + 82 = q + 5*p, -3*p = 3*q - 75. Suppose q*t - 679 = -85. Calculate the remainder when 27 is divided by t.
0
Let o = -44 - -46. Suppose o*v + g - 92 = 5*g, -v = 4*g - 34. Suppose -6*s = s - v. What is the remainder when 29 is divided by s?
5
Suppose -6*y = -y - 15. Let x be (318/15 + 4)/((-18)/135). Let q = -173 - x. Calculate the remainder when q is divided by y.
1
Suppose -123*l - 948 + 21093 = -13311. What is the remainder when 505 is divided by l?
233
Suppose 3657 - 1005 = 2*z + 32*z. Calculate the remainder when 1260 is divided by z.
12
Let w(d) = 17*d - 22. Suppose 13*c - 18 = -18. Suppose -o - 9 + 19 = c. Calculate the remainder when w(o) is divided by 30.
28
Suppose 14*h + 2149 - 1033 = 1438. Suppose 3*q = 139 + 122. What is the remainder when q is divided by h?
18
Let s = 5360 + -2345. Calculate the remainder when s is divided by 232.
231
Let q = -6281 - -6305. Calculate the remainder when 282 is divided by q.
18
Let h = -3600 + 4214. What is the remainder when h is divided by 88?
86
Let x(w) = w**3 - w**2 - w + 119. Let f be x(0). What is the remainder when 82 is divided by (-642)/(-21) + -1 - 68/f?
24
Suppose -4*b + 4*s + 45 = 13, 5*b + 5*s = 40. Suppose 16 = h - 16. What is the remainder when h is divided by b?
0
Suppose -7 - 13 = -4*i. Suppose -33*m + 185 = 20. Suppose 5*p = -3*g + i*g + 150, 0 = -g - m. Calculate the remainder when 82 is divided by p.
26
Suppose 66*o - 7664 - 29735 = 29657. Calculate the remainder when o is divided by 23.
4
Let k(i) = i**3 + 19*i**2 - i - 18. Let a be k(-19). Let z(b) = 39*b. Let l be z(1). What is the remainder when 73 is divided by (l/1 - 2)*a?
36
Suppose 156*q - 164*q + 1360 = 0. Let d = -136 + q. What is the remainder when 167 is divided by d?
31
Suppose 3*p - 74 = -2*n, 56*p + 52 = n + 60*p. What is the remainder when 555 is divided by n?
23
Suppose -m + 198 = 10*m. Let z be (-390)/(-4)*(-12)/m. Let x = -34 - z. Calculate the remainder when 60 is divided by x.
29
Suppose -178 + 73 = -5*o. Let v = -14836 - -14923. What is the remainder when v is divided by o?
3
Let l = -191 - -310. Let a = 193 - l. Suppose -5*v = -6*v + 15. What is the remainder when a is divided by v?
14
Suppose 2 = b - 2. Let a be (2 - 3) + -4 + 142. Let t = a - 133. What is the remainder when t is divided by b?
0
Let h be 0*2/4*-1. Suppose -4*v + 0*v + 12 = h, 6 = -2*z + 4*v. Suppose -z*p + f + 34 = 0, 2*f - 36 = -p - 13. Calculate the remainder when p is divided by 5.
3
Let o be 388/(-16) - (-8)/64*-6. Calculate the remainder when 143 is divided by 18 + 0 + (o - -21).
3
Let b = -116 + 120. Calculate the remainder when 102 is divided by (-2 - -3)*(b + 17).
18
Let h = -597 - -595. Let w(q) = -2*q**3 - 4*q**2 - 7*q - 2. Let n = -16 - -37. Calculate the remainder when n is divided by w(h).
9
Let y(s) = s**3 + 8*s**2 - 18*s + 10. Suppose 20*u = 43*u - 92. Calculate the remainder when y(u) is divided by 15.
10
Let s(n) = -n**2 - 2*n. Let r be s(-3). Let z be (-42)/48*-6*-4. What is the remainder when 54 is divided by (-1 - (-3 - r))*(z + 2)?
16
Let v be (-18)/45 + (2 - 8/5). Suppose 2*f + 114 = -2*x - 0*f, x - 2*f + 51 = v. Let y = -47 - x. What is the remainder when 20 is divided by y?
4
Suppose 22*y = 27*y - 15. Suppose -p + 53 = -9*n + 12*n, y*p + 45 = 3*n. Calculate the remainder when 118 is divided by n.
16
Let y = 68 + -46. Suppose -4*b + 31 = 3*a, -b - 3*a + 13 = -6. Suppose -4*d = -b, -t + 324 = 2*t - 3*d. What is the remainder when t is divided by y?
21
Suppose 0 = 6*x - 596 - 454. Suppose x = -w + 26*w. Calculate the remainder when (-2)/(-4)*4 - -15 is divided by w.
3
Suppose -5*g = -3*a + 268, -4*a + 4*g - 2*g = -376. Let q = 98 - a. Let p(t) = -t + 9. What is the remainder when 14 is divided by p(q)?
0
What is the remainder when 8697 is divided by 2679/(-1786) + 2/(4/153)?
72
Let g(x) = -x**2 + 23*x + 47. Let j be g(25). Let p(o) = 12*o**2 + o + 3. Let v be p(j). Let u = 218 - v. What is the remainder when u is divided by 14?
12
Suppose 2*g - 1896 + 5920 = 2*y, -8053 = -4*y - g. Calculate the remainder when y is divided by 53.
52
Suppose 0 = -9*t + 58 + 104. Let q = 100 + -1. What is the remainder when q is divided by t?
9
Let q(t) be the second derivative of t**4/12 - t**3/6 - t**2 + 9*t. Suppose 0 = -44*f + 31*f + 910. Calculate the remainder when f is divided by q(-4).
16
Let z = 14590 - 14472. What is the remainder when z is divided by 77?
41
Suppose 4*d - 13230 = 4*d - 9*d. What is the remainder when d is divided by 25?
20
Let m = -6048 + 6454. Calculate the remainder when m is divided by 7.
0
Let o(z) = 56*z - 3. Let b(k) = 6*k + 8. Let q be b(-3). Let l be (q/(-14) - 14/(-49))/1. What is the remainder when o(l) is divided by 18?
17
Suppose -2*z = 3*z. Suppose z = -4*x - x + 80. Suppose 36*c - 285 = 754 + 1157. What is the remainder when c is divided by x?
13
Let h = 3 + -3. Suppose -5*p + p + 64 = h. What is the remainder when (-140)/(-6)*(-18)/(-7) is divided by p?
12
Let x = 7965 - 6626. Calculate the remainder when x is divided by 27.
16
Suppose 13*i + 22*i - 7315 = 0. Suppose 6*x - i - 217 = 0. Calculate the remainder when x is divided by 25 - (2 + -2)/1.
21
Suppose -7*y = 129 - 717. Let o = -121 + 72. Let s = 66 + o. Calculate the remainder when y is divided by s.
16
Suppose 0*k - 592 = 11*k - 1857. Calculate the remainder when 669 is divided by k.
94
Suppose m + 3 = 5. Suppose -5*b = -293 - 832. Suppose 0*v - 5*v + b = -m*c, v = -4*c + 67. Calculate the remainder when v is divided by 13.
8
Let k(c) = 2*c**3 - 3*c**2 - 89*c + 428. What is the remainder when k(5) is divided by 148?
10
Let b(d) be the third derivative of -d**5/60 - d**4/12 + d**3 - 17*d**2. Let w be b(10). Let k = -96 - w. Calculate the remainder when k is divided by 13.
5
Let q(c) = 27*c + 79. Calculate the remainder when q(45) is divided by 37.
36
Let h be 52/(-39) + (-4)/6 - -2. Suppose 4*c + k - 30 = h, -k + 5*k = -c. Calculate the remainder when 9 is divided by c.
1
Let r(x) = -x - 11. Let i be r(0). Let f(d) = -2*d**2 - 22*d + 12. Calculate the remainder when 272/(-12)*21/(-14) is divided by f(i).
10
Let t(c) = c**3 - 15*c**2 - 15*c - 13. Let j = 166 + -107. Suppose -4*a + 5 = -j. Calculate the remainder when 5 is divided by t(a).
2
Let i = -453 - -700. Let o = -122 + i. Let v(y) = -10*y + 1. Calculate the remainder when o is divided by v(-2).
20
Calculate the remainder when (-11 - (-14 - (-11 + 6))) + (-1 - -329) is divided by 41.
39
Suppose -f - 18 = -10*f. Suppose -10 - 156 = -f*o + 2*k, 2*k = o - 87. Calculate the remainder when o is divided by 27.
25
Let q(b) = -b**3 - 2*b**2 + b +